ns digit of h(i)?
0
Suppose 3*v - 4*h + 5 = 0, 2*h + 3*h = 2*v + 15. Suppose 0 = x - 3*f - 11, -x + f + v = 4*f. Suppose 0 = -x*b + 4*b + 204. What is the tens digit of b?
5
What is the units digit of (-9 + 29)/10*186642/12?
7
Let f(o) = o**2 + 14*o - 7. Let w(i) = -5*i**2 - 3*i - 1. Let y = -29 + 27. Let t be w(y). What is the units digit of f(t)?
8
Suppose -189 = 4*b + 87. Let i(q) = 169*q - 1949. Let t be i(12). Let k = b + t. What is the tens digit of k?
1
Let d(n) = -n + 6. Suppose 6*c - 48 = -18. Let a be d(c). What is the tens digit of -6*a*-34*1/4?
5
Suppose -8*a = -21195 - 8933. Suppose -2*q - 749 = -5*m + 4*m, -5*m = -3*q - a. What is the hundreds digit of m?
7
Let o be 2/(-8) + 642/(-24). Let a = 27 + o. Suppose 13*z - 5*z - 1024 = a. What is the hundreds digit of z?
1
Let w(n) = -2*n**3 - 25*n**2 - 2*n - 37. Let f(k) = -k**3 - 24*k**2 - 2*k - 35. Let a(o) = -3*f(o) + 2*w(o). What is the tens digit of a(22)?
7
Suppose -2*o = -4*o + 30. Suppose 0 = 3*r - 5*u - 25, 4*r + 3*u = -r - o. Suppose r = -2*h - 5 - 5, 44 = 4*n - 4*h. What is the units digit of n?
6
Suppose 4*s + 2276 = -2*u + 7584, -3*u - 1334 = -s. Suppose -4*n + s = 2*p, 2*n = n + 5*p + 321. What is the hundreds digit of n?
3
Let f be (6/(-18))/((-1)/18). Suppose -1525 = f*u + 671. Let j = u - -532. What is the hundreds digit of j?
1
Let h(p) = 379*p**2 - 29*p + 592. What is the units digit of h(10)?
2
Suppose 2*c - 126 = 128. Let f(m) = 3*m**2 - 6*m - 26. Let h be f(10). Let y = h - c. What is the units digit of y?
7
Let u(z) = 9*z - 18. Let w(y) = 4*y - 9. Let x(v) = -3*u(v) + 7*w(v). Let t be x(14). Suppose -5*f + 15 = 0, 6*k - k + t*f = 90. What is the units digit of k?
5
Suppose c - 303 = 227. Let g = 881 - c. What is the tens digit of g?
5
Suppose -4 = 4*n + 140. Let g = 364 + -1290. What is the tens digit of g/(-10) - n/90?
9
Let z(x) = 24*x - 105. Let j be z(5). Suppose 26240 = -j*u + 31*u. What is the tens digit of u?
4
Suppose -889 = 4*u - 189. Let m = 556 - 847. Let k = u - m. What is the units digit of k?
6
Suppose m + r = -2*r - 7, -4*m + 36 = -4*r. Let x = -108 + 159. Let g = x - m. What is the units digit of g?
6
Let c(n) = n**2 + 74 + 3*n - 54 + 3*n**2. What is the hundreds digit of c(-6)?
1
Let o(c) be the second derivative of -11*c**3/6 - 31*c**2/2 + 7*c. Suppose -5*a - 2 + 25 = -b, -5*b - 25 = 5*a. What is the tens digit of o(b)?
5
Let y = -1281 - -1267. Let f(p) = -p**2 + 15*p + 18. Let g(i) = -2*i**2 + 16*i + 17. Let h(n) = 3*f(n) - 2*g(n). What is the tens digit of h(y)?
3
Let v(q) = q**3 + 10*q**2 - 4*q - 25. Let k(g) = g**3 - 10*g**2 + 21*g - 10. Let l be k(7). Let h be v(l). What is the units digit of 1107/h + 8/(-10)?
3
Let p = -5155 - -7768. What is the thousands digit of p?
2
Let a = -69014 + 97779. What is the thousands digit of a?
8
Let i(n) be the first derivative of -2 + 13*n + 2/3*n**3 + 13/2*n**2. What is the tens digit of i(-9)?
5
Suppose -10*b + 17679 = -172071. What is the ten thousands digit of b?
1
What is the tens digit of 1144 - (-300)/90*6/(-5)?
4
Suppose 2*b + 2 + 0 = 0, -11 = 2*m + 3*b. What is the units digit of 15915/35 + m + 4/14?
1
Let k(h) = 2*h**2 + 34*h + 197. Let f = 93 - 112. What is the units digit of k(f)?
3
Let u = -6091 - -11305. What is the units digit of u?
4
Suppose 0 = -50*g + 7*g + 1184867 - 256540. What is the units digit of g?
9
Let h(d) = d**3 - 14*d**2 + 9*d + 47. What is the tens digit of h(23)?
1
Let j be (27/(-6))/(-9)*-2. Let f(t) = -88*t + 1. Let m be f(j). Suppose z - 28 - m = 0. What is the units digit of z?
7
Let w be (7784/4)/(-7) + 9 + -5. Let o = w + 1715. What is the thousands digit of o?
1
Let q(v) = -17*v**3 + 3*v**2 - 12*v - 7. Let x(t) = -15*t**3 + 2*t**2 - 11*t - 8. Let o(j) = -2*q(j) + 3*x(j). What is the hundreds digit of o(-4)?
7
Let l = -5 - -3. Let u(b) = 9*b - 3. Let m be u(4). Let r = m + l. What is the tens digit of r?
3
Let x(d) = -52*d - 56. Let q be x(6). Let f = q + 587. What is the units digit of f?
9
Let o(a) be the first derivative of a**5/20 + a**4 - a**3/2 - 9*a**2 + 18*a + 14. Let u(b) be the first derivative of o(b). What is the units digit of u(-12)?
8
Let x(v) = 2*v**2 + 7*v + 252. What is the units digit of x(71)?
1
Let y(s) = -13*s**2 - 4*s + 66. Let c(a) = -13*a**2 - 4*a + 65. Let g(m) = -3*c(m) + 2*y(m). What is the tens digit of g(6)?
2
Suppose 10*m + 18*m = 108*m - 795920. What is the units digit of m?
9
Suppose -65*v + 155148 + 120459 = -340853. What is the hundreds digit of v?
4
Suppose -23 = -4*m + 161. Let k = m - 13. Suppose -5*x + 22 = -k. What is the tens digit of x?
1
Suppose 2*z = 5*z - 10*z. Suppose 3*o - 559 = 2*u, -u + 9 - 5 = z. Suppose 3*m - 6*m + 5*i = -116, -5*m + 4*i = -o. What is the tens digit of m?
3
Suppose 79729 - 8511 + 141974 = 8*v. What is the tens digit of v?
4
Let r(w) = 6*w**2 + 2*w - 2. Let s be r(1). Let q(c) = 20*c - 11. Let f be q(s). Suppose 140 = u - f. What is the tens digit of u?
4
Let g = 276 + -165. Let x(f) = -f**2 + 18*f + 2. Let k be x(18). Let r = g + k. What is the tens digit of r?
1
Suppose 4*j + 1100 = 14*j. Suppose j + 3 = n. What is the units digit of n?
3
Let o = -86 - -87. Let b be (o/(-3))/((-4)/(-216)*-1). Suppose -9*l + b*l = 1242. What is the units digit of l?
8
Suppose 9*k - 27 = 9. Suppose 2*v = -2*f + f + 543, -k*v - 1126 = -2*f. What is the hundreds digit of f?
5
Let q be ((-24)/5)/((-2)/140). Let b be 1 - (-11)/(143/3055). Let i = q - b. What is the tens digit of i?
0
Suppose -331*q + 353*q - 87976 = 162494. What is the tens digit of q?
8
Suppose -3*g + 10*g = 28. Suppose g*d + 5*c - 64 = 88, 4*d + 2*c = 164. Suppose -5*f + 5*q + 465 = 0, f - 47 = 4*q + d. What is the units digit of f?
4
Suppose 5*o = -3*q + 8*q + 3865, 4*o + 8 = 0. Let r = 1178 + q. What is the units digit of r?
3
What is the thousands digit of (1 + -2)*-44977 - (567 - 575)?
4
Suppose -58 = 4*w - 5*m, 4*w + 52 = -4*m + 6*m. Let u be (104/(-6))/(w/18). Suppose 22 = 2*k - u. What is the tens digit of k?
2
Let o(v) be the first derivative of v**4/4 - 3*v**3 + 6*v**2 - v - 132. What is the tens digit of o(9)?
0
Let h(w) = 27*w**2 - 35*w + 48328. What is the ten thousands digit of h(0)?
4
Let c(y) = y**2 - 8*y - 16. Let z be c(9). Let o(u) = -u**2 - 7*u - 2. Let m be o(z). What is the units digit of 96 + 4 - m - 5?
7
Let v(z) = 2606*z**3 + 3*z**2 - 2*z. Let m be v(1). What is the hundreds digit of m/6 + 1/(-2)?
4
Suppose 0 = -j + 5*c - 45, -3*c = 2*j - 0*j + 129. Let k be (20/j)/(1*(-2)/12). Suppose 2*l - 54 = -5*h, k*l = -3*h + 5*l + 24. What is the tens digit of h?
1
Suppose n - 16 = -5*z, 4*n = 2*z + 2*n - 16. Suppose i + 2*k - 129 = 3*k, -z*k = -2*i + 250. What is the hundreds digit of i?
1
Let z = 180969 - 121415. What is the units digit of z?
4
Suppose -4*x - 126 + 39 = -b, 5*x - 174 = -2*b. Suppose -b = -12*j + 165. What is the hundreds digit of 1214/8 + j/84?
1
What is the hundreds digit of ((3 - -1252) + 1)/(-11*4/(-308))?
7
Let d(j) = j**3 + j**2 + 2*j - 11. Let f be d(2). Suppose -5 = 2*a - 1, -9487 = -f*s + a. What is the units digit of s?
7
Let p = -29204 - -42069. What is the hundreds digit of p?
8
Suppose 5*p = 3*o + 4*p - 15, -3*p + 27 = 3*o. Suppose -c - 2155 = -o*c + 2*l, 2190 = 5*c + 5*l. What is the tens digit of c?
3
Suppose 10 - 34 = 6*u. Let b(f) = f**2 + 2*f - 5. Let i be b(u). Suppose -4*r - 5*c + 404 = 0, -r + 200 = r + i*c. What is the units digit of r?
6
Suppose -3*x + 1190 = -805. Suppose -2*p - 685 = -3*q, q - 4*q + x = 2*p. What is the tens digit of q?
2
Let v(r) be the first derivative of -r**3/3 - r**2/2 + 300*r - 10. Let t be v(0). Suppose -7*c + 10*c - t = 0. What is the hundreds digit of c?
1
Let l(u) = 151*u**2 - u + 2. Let j be l(1). Let z = j + 238. What is the tens digit of z?
9
Let z be (-7 - -8)*(-1 - -1). Suppose 2*c + q + 3 = z, -3*c = q + 4*q + 15. Suppose c*n + 108 = 6*n. What is the tens digit of n?
1
Suppose b + 3*n = 3238, -2*n = 4*b + 545 - 13477. Suppose -4*l = -5*s + 3179, 5*s + 3*l = -25 + b. What is the hundreds digit of s?
6
Let n(f) = 134*f**3 - 2*f**2 + 22*f - 76. What is the thousands digit of n(4)?
8
Suppose 1180155 + 1835687 = 63*l + 457160. What is the hundreds digit of l?
6
Suppose 65*d - 1560 = 39*d. Let k be (4/(-6) + 0)*-117. Let o = k - d. What is the tens digit of o?
1
Suppos